e number?
True
Is 210655 composite?
True
Is 196919 composite?
False
Is 521981 a prime number?
True
Is 1949 a prime number?
True
Is 653845 prime?
False
Is 50981 a composite number?
True
Is 816055 a composite number?
True
Is 8257 a prime number?
False
Is 6499 composite?
True
Is 38813 a composite number?
True
Is 42433 a prime number?
True
Is 184517 composite?
False
Is 10027 composite?
True
Is 407831 a prime number?
False
Is 80551 prime?
False
Is 19639 a composite number?
True
Is 132509 a composite number?
True
Is 155371 composite?
False
Is 10637 a prime number?
False
Is 10493 a composite number?
True
Is 825103 prime?
False
Is 57947 prime?
True
Is 219265 a composite number?
True
Is 41399 a composite number?
False
Is 1340617 prime?
True
Is 509023 prime?
True
Is 14921 a prime number?
False
Is 30857 a composite number?
True
Is 177043 composite?
False
Is 137783 prime?
False
Is 508033 a composite number?
False
Is 4399 a composite number?
True
Is 302245 a composite number?
True
Is 250583 a prime number?
True
Is 26867 composite?
True
Is 417839 a prime number?
True
Is 677 a composite number?
False
Is 40547 a prime number?
False
Is 25349 a composite number?
False
Is 19523 composite?
True
Is 601943 composite?
False
Is 42737 a composite number?
False
Is 1369747 prime?
True
Is 440229 composite?
True
Is 5747 composite?
True
Is 523867 a prime number?
True
Is 15971 a prime number?
True
Is 75419 a prime number?
False
Is 1357883 composite?
False
Is 643807 composite?
True
Is 628289 prime?
True
Is 944933 a composite number?
True
Is 92487 prime?
False
Is 149069 composite?
False
Is 134869 a composite number?
True
Is 79093 a prime number?
False
Is 6449 prime?
True
Is 1949 a prime number?
True
Is 28738 a prime number?
False
Is 31357 a prime number?
True
Is 87383 a composite number?
False
Is 246073 a composite number?
False
Is 1009 composite?
False
Is 466673 prime?
True
Is 1145291 prime?
False
Is 2723 prime?
False
Is 3421 a prime number?
False
Is 7559 a prime number?
True
Is 717191 prime?
True
Is 83519 prime?
False
Is 605149 composite?
True
Is 12967 a prime number?
True
Is 393073 a composite number?
False
Is 618941 prime?
True
Is 721877 a composite number?
True
Is 5321911 a prime number?
False
Is 59309 a composite number?
True
Is 50453 a prime number?
False
Is 515 a composite number?
True
Is 20833 composite?
True
Is 5077 composite?
False
Is 126073 a composite number?
True
Is 33683 a prime number?
False
Is 146201 composite?
True
Is 530653 a prime number?
True
Is 49681 prime?
True
Is 1620121 prime?
True
Is 93871 a prime number?
True
Is 472289 composite?
False
Is 38953 prime?
True
Is 748097 a composite number?
True
Is 16361 a prime number?
True
Is 18839 a composite number?
False
Is 364721 prime?
False
Is 6442 composite?
True
Is 5666 prime?
False
Is 17903 composite?
False
Is 55099 prime?
False
Is 241477 a composite number?
True
Is 405917 a prime number?
True
Is 162991 a prime number?
False
Is 385889 a prime number?
False
Is 9005 prime?
False
Is 17657 prime?
True
Is 137531 composite?
True
Is 1987 a prime number?
True
Is 82385 a prime number?
False
Is 422537 prime?
True
Is 45649 composite?
True
Is 53995 prime?
False
Is 365185 composite?
True
Is 1115 prime?
False
Is 157999 prime?
True
Is 73279 composite?
True
Is 69241 a prime number?
False
Is 218543 a prime number?
False
Is 838091 prime?
True
Is 12247 composite?
True
Is 700715 prime?
False
Is 979 prime?
False
Is 11963 a prime number?
False
Is 1176509 composite?
False
Is 13123 composite?
True
Is 5557 composite?
False
Is 20437 composite?
True
Is 69505 prime?
False
Is 184111 a composite number?
False
Is 127621 a composite number?
True
Is 2942 a prime number?
False
Is 35395 a prime number?
False
Is 242057 a prime number?
True
Is 91493 prime?
True
Is 17539 a composite number?
False
Is 184441 composite?
False
Is 2771 composite?
True
Is 157349 a composite number?
False
Is 73867 a prime number?
True
Is 17539 a composite number?
False
Is 4835 a prime number?
False
Is 1894969 composite?
False
Is 228497 prime?
False
Is 230915 prime?
False
Is 673 a prime number?
True
Is 42239 a composite number?
False
Is 2319 composite?
True
Is 1361 composite?
False
Is 7411 a composite number?
False
Is 30029 a prime number?
True
Is 657703 a prime number?
True
Is 686669 a prime number?
True
Is 34781 composite?
False
Is 2767 a composite number?
False
Is 5381 composite?
False
Is 1057 prime?
False
Is 638537 a prime number?
False
Is 955601 composite?
False
Is 14519 a prime number?
True
Is 19811 a prime number?
False
Is 70987 a prime number?
False
Is 950811 composite?
True
Is 148187 prime?
False
Is 9767 prime?
True
Is 973535 a prime number?
False
Is 4561 a composite number?
False
Is 71 a composite number?
False
Is 35071 prime?
False
Is 21421 a composite number?
True
Is 739 a composite number?
False
Is 51383 composite?
False
Is 3221 a prime number?
True
Is 69143 prime?
True
Is 1478837 prime?
True
Is 47083 prime?
False
Is 21269 prime?
True
Is 660317 prime?
False
Is 101449 composite?
False
Is 24889 a composite number?
False
Is 506629 a prime number?
True
Is 6353 prime?
True
Is 403573 prime?
False
Is 114539 a composite number?
True
Is 484079 composite?
False
Is 249955 composite?
True
Is 14165 a prime number?
False
Is 55243 a composite number?
False
Is 15013 a prime number?
True
Is 55987 prime?
True
Is 11757 prime?
False
Is 85673 a composite number?
True
Is 4327 composite?
False
Is 26903 prime?
True
Is 787 prime?
True
Is 21561 a prime number?
False
Is 19315 prime?
False
Is 358601 prime?
True
Is 277213 composite?
False
Is 5539 a composite number?
True
Is 42697 prime?
True
Is 1003 prime?
False
Is 22094 a prime number?
False
Is 60983 a composite number?
True
Is 14743 a composite number?
True
Is 564163 a composite number?
False
Is 49597 prime?
True
Is 416147 a composite number?
False
Is 3832779 a composite number?
True
Is 403687 a prime number?
True
Is 102761 a composite number?
False
Is 878635 a composite number?
True
Is 1777 a composite number?
False
Is 3821 prime?
True
Is 36029 composite?
True
Is 9193 prime?
False
Is 487 a composite number?
False
Is 4408483 prime?
True
Is 2161 composite?
False
Is 11351 composite?
False
Is 174565 composite?
True
Is 59153 composite?
True
Is 415469 a composite number?
False
Is 360223 a prime number?
True
Is 13603 a prime number?
False
Is 2497837 prime?
False
Is 443447 prime?
False
Is 784039 composite?
False
Is 786223 a composite number?
False
Is 1727 a composite number?
True
Is 52645 a composite number?
True
Is 39793 a prime number?
False
Is 469135 composite?
True
Is 1101 a prime number?
False
Is 4999 a composite number?
False
Is 7241 a prime number?
False
Is 143873 composite?
False
Is 13235 composite?
True
Is 19027 a composite number?
True
Is 40731 composite?
True
Is 140521 composite?
False
Is 48017 a prime number?
True
Is 71707 composite?
False
Is 140951 composite?
True
Is 69743 composite?
True
Is 117659 a prime number?
True
Is 641 a composite number?
False
Is 29369 a composite number?
True
Is 265091 composite?
False
Is 32845 a composite number?
True
Is 126653 prime?
True
Is 828823 a composite number?
False
Is 64397 a prime number?
False
Is 6481 composite?
False
Is 3499 a prime number?
True
Is 6247 composite?
False
Is 4783 a composite number?
False
Is 889 a prime number?
False
Is 134129 a prime number?
True
Is 1341761 a prime number?
False
Is 17623 a composite number?
False
Is 476395 composite?
True
Is 18587 a composite number?
False
Is 15727 a composite number?
False
Is 869849 a composite number?
False
Is 27889 prime?
False
Is 40133 a prime number?
False
Is 279163 a prime number?
False
Is 2749 a composite number?
False
Is 1272209 prime?
False
Is 31367 a prime number?
False
Is 1596013 prime?
True
Is 196111 composite?
False
Is 1563 a prime number?
False
Is 187522 composite?
True
Is 2812295 composite?
True
Is 1155521 composite?
True
Is 40897 a prime number?
True
Is 7671 prime?
False
Is 256019 a prime number?
True
Is 7901 prime?
True
Is 257809 prime?
False
Is 12601 a composite number?
False
Is 53201 prime?
True
Is 727 prime?
True
Is 343727 a composite number?
False
Is 2604499 a composite number?
False
Is 312763 composite?
True
Is 7218395 a prime number?
False
Is 691409 a composite number?
False
Is 317197 prime?
True
Is 2671103 a prim